et w = 27248 - 26496. Calculate the remainder when w is divided by 203.
143
Suppose 79 = -566*q + 569*q - 2*d, 2*d = -q + 37. Calculate the remainder when 132 is divided by q.
16
Let f(k) = 29*k**3 + k**2 + 2*k. Let j be f(-1). Let m = j - -34. Suppose d = -4*w + 84, m*d - 111 = -4*w + 201. What is the remainder when d is divided by 20?
16
Let h = -75 + 115. Suppose -10*p = -12*p + h. Calculate the remainder when (-6)/14 - (-255)/7 is divided by p.
16
Let q(t) = 48*t**2 - 1. Suppose p - 26*w + 16*w - 89 = 0, 2*p - 78 = -5*w. Calculate the remainder when q(2) is divided by p.
44
Let b(j) = 3*j**2 - 11*j + 12. Let k be b(2). Suppose 8 = k*p, -2*p - 2*p = 3*x - 232. Calculate the remainder when x is divided by 18.
0
Suppose -3*j - 68 + 1658 = -5*u, 3*u - 2*j = -955. Let p = -249 - u. Let o(v) = -v**2 - v + 17. Calculate the remainder when p is divided by o(0).
15
Suppose -2*p = p - 3*g - 273, g + 3 = 0. Let c = 6566 + -6546. Suppose -21*y = -c*y - p. What is the remainder when y is divided by 15?
13
Let j be 1 + 8/16*-2. Suppose 11*w - 634 - 917 = j. Calculate the remainder when w is divided by 30.
21
Suppose -151*q + 990 = -129*q. Calculate the remainder when 136 is divided by q.
1
What is the remainder when (-220)/(-3) - (-156)/(-117) is divided by 59?
13
Let b = 2643 + -2609. Let q(s) = 2*s**2 + 17*s + 9. Calculate the remainder when q(-11) is divided by b.
30
Let z = 234 - 24. Suppose -301*x + 21551 + 29435 = 661*x. Calculate the remainder when z is divided by x.
51
Let x = 18 + -3. Suppose 0 = -27*s + 2014 - 1339. Calculate the remainder when s is divided by x.
10
Let c(z) = 27 - 20*z - 15*z - 13*z - 3*z**2 + 45*z + 6*z**2. What is the remainder when 73 is divided by c(3)?
28
What is the remainder when 1384 is divided by (2 + -32)*(12/144 - 119/420)?
4
Suppose -8*r + 4*r + 108 = 0. Let d = r - 25. Suppose -58 = -d*p + 88. Calculate the remainder when p is divided by 19.
16
Let n = -4140 + 4387. What is the remainder when n is divided by 124?
123
Suppose 4*m - 516 = -4*y, -4*y = -m + 47 + 72. Suppose 2*t - m - 53 = 0. Let x = 3961 - 3938. What is the remainder when t is divided by x?
21
Suppose -1636 = 59*u - 157*u + 9732. What is the remainder when u is divided by 108?
8
Suppose 5*o - 3*a - 250 = -5*a, -100 = -2*o - 2*a. What is the remainder when 281 is divided by o?
31
Suppose -3*i = 1034*x - 1038*x + 843, 5*x - 1077 = -4*i. Calculate the remainder when 274 is divided by x.
61
Let t = 16331 + -10084. Calculate the remainder when t is divided by 22.
21
Suppose 559*y + 3780 = 565*y. What is the remainder when 642 is divided by y?
12
Suppose -223 = -s + 2*k, -2*s - 737 = -5*k - 1190. What is the remainder when 3552 is divided by s?
208
Suppose -24*w + 6121 = 1489. Let y = w + -126. What is the remainder when y is divided by 14?
11
Let r be 399/9 - 1/3. Suppose 0 = -3*b + 5*f + 140 - 10, -b + 2*f + r = 0. Calculate the remainder when b is divided by (-20)/140 - (-780)/70.
7
Suppose s + 3*o + 150 = 0, -7*o + 6*o = 5*s + 792. Let j = -153 - s. Calculate the remainder when 38 is divided by j.
2
Let a(j) = 6*j**2 - 53*j + 204. Calculate the remainder when a(19) is divided by 91.
89
Let m(p) = -25*p**3 + 2*p**2 + 4*p + 3. Calculate the remainder when 571 is divided by m(-1).
25
Suppose -86*j = 135*j - 19006. What is the remainder when j is divided by 22?
20
Let p(q) = 4*q + 36. Let f be p(-8). Let c be 3 + (0 - (f - 2)). What is the remainder when 19/c*(1 - -1) is divided by 14?
10
Suppose 0 = 9*x - 199 - 845. Let p = x - 86. Suppose 4*d = -d + p. Calculate the remainder when 10 is divided by d.
4
Suppose -3*z - 3*b + 22 = 13, -3*z + 4*b = 12. What is the remainder when 153 is divided by 29 + z + (-8 - -11)?
25
Let s = 1563 + -1540. Calculate the remainder when 848 is divided by s.
20
Let x(h) = h**3 + 6*h**2 - 6*h + 10. Suppose 0 = -m + 14 - 21. Let b be x(m). Suppose -b*v + 1089 = 8*v. What is the remainder when v is divided by 20?
19
What is the remainder when 206 is divided by (15/(-480)*8)/((-1)/232)?
32
Suppose -265*s - 10082 = -394277 - 840105. What is the remainder when s is divided by 69?
66
Suppose -144 = -21*k - 3*k. Suppose -s + 53 = k. Calculate the remainder when s is divided by 25.
22
Let k(h) = 162*h**2 + 2*h - 1. Suppose -8*g + 120 = 88. Suppose 5*f = -g*q + 15 + 40, 0 = -q. Calculate the remainder when k(1) is divided by f.
9
What is the remainder when 2594 is divided by 49 - 4 - (-5 - 27)/4?
50
Suppose -20*q + 22*q + 250 = 5*x, x = -3*q + 67. Calculate the remainder when 217 is divided by x.
9
Let a = -127 + 139. Let s(i) = 7*i - 7. What is the remainder when 229 is divided by s(a)?
75
Let x(i) = 7*i + 147. Let y be -2 - 4*(-4 + 3). Suppose 5 = 4*q + 5*d, 4*q + 0*q - 14 = -y*d. What is the remainder when x(-20) is divided by q?
2
Let m = 222 - 217. Suppose -4*y = 2*b, 4*b - 5 = -y - 2*y. Suppose -16 = -q + b. What is the remainder when q is divided by m?
3
Let v be -72 - (4 + 10/(-2))*-5. Let d = v - -115. What is the remainder when d is divided by 8?
6
What is the remainder when 1331 is divided by (14320/48 - 20)*6/10?
162
Suppose -29*l + 58 = 3*y - 27*l, -l + 21 = y. Calculate the remainder when 793 is divided by y.
9
Let d(h) = -h**3 - h**2 + 5*h + 8. Let a be d(-4). Suppose -x + a = 4*s, 0 = 3*x - 9*s + 12*s - 117. What is the remainder when 150 is divided by x?
30
Let a = 14791 - 14763. What is the remainder when 554 is divided by a?
22
Let k = 36569 + -36535. Calculate the remainder when k is divided by -2 + 0/(-1) + 11.
7
Let j(a) = 56*a - a**2 - 40*a - 13*a + 17 - 29*a. Calculate the remainder when j(-25) is divided by 16.
10
Let j(c) = -33*c**2 - 7*c - 1. Let i(t) = -66*t**2 - 14*t - 2. Let d(s) = 3*i(s) - 7*j(s). What is the remainder when d(4) is divided by 35?
32
Suppose 2*y - g - 12 = 0, -y + 2*g = 3*g - 6. Suppose -3811 = -y*z - 949. Calculate the remainder when z is divided by 48.
45
Suppose 61*k + 94*k - 33528 = 23*k. What is the remainder when k is divided by 55?
34
Let i(h) = 21*h**2 + 13*h - 38. Let j be i(4). Suppose 72*g = 79*g - j. What is the remainder when g is divided by 15?
5
Suppose -5 = -5*g + 5*r, -12 = 142*r - 146*r. Calculate the remainder when 4270 is divided by g.
2
Let a be (-40)/4 + (-2 + -2)/(-4). Suppose -3*y = -y - 148. What is the remainder when y is divided by (-198)/a - (4 - -2)?
10
Let a = -151 - -164. Suppose 0 = 3*y - 5*y + 4*c + 100, -172 = -3*y - 5*c. Calculate the remainder when y is divided by a.
2
Calculate the remainder when 1153 is divided by 578 - (3 + -5 + 13 + -1).
17
Suppose -21*r - 34 = -22*r. Let s = r + -100. What is the remainder when 53 is divided by (-3)/((s/(-56))/(-11))?
25
Let x(r) = 6 - 6 - 11 - 9 + 2*r. Let a be x(11). What is the remainder when 36 is divided by 19 + (2 - a - -4)?
13
Calculate the remainder when 731 is divided by 583/(-187) + 8/68 + 123.
11
Suppose 0*a = 5*a - 3*g - 31, -3*g + 41 = 4*a. Calculate the remainder when -4 + 2403/13 - 3*20/(-390) is divided by a.
5
Let m(y) = -3*y**2 + 4 - 3*y + 7*y**2 - 2*y**2. Calculate the remainder when m(8) is divided by 11.
9
Suppose 0 = 13*n - 782 - 635. What is the remainder when n is divided by 34?
7
Let b be (-70)/(-12) + 7/42. Calculate the remainder when 97 is divided by (-15)/b*(-52)/10.
6
Suppose -2*l - 3*f - 714 = -120, -2*l + f = 578. Let q = -206 - l. What is the remainder when q is divided by 4?
1
Let n(j) = 4*j**3 + 14*j**2 - 32*j - 1. Calculate the remainder when 3056 is divided by n(2).
20
Suppose 4*g + 5*z - 134 = 7*z, 3*g - 83 = -2*z. Let l = 3 + 11. Suppose f + 5*a = -5, 5*f + 4*a - 31 + l = 0. Calculate the remainder when g is divided by f.
1
Let g be 20/5 - (-4)/(-3 + 2). Suppose g = -4*o + 320 - 228. Calculate the remainder when 136 is divided by o.
21
Suppose -23345 = 2*s - 18*s - 13*s. What is the remainder when s is divided by 149?
60
Let q be (107*1)/(55/(-275)). Let h = -356 - q. Calculate the remainder when h is divided by 26.
23
Let l = 350 + -101. Suppose 3*a = y + l, -52*y - 332 = -4*a - 47*y. What is the remainder when a is divided by 40?
3
Let h(s) = -44*s**3 + 7*s**2 - 8*s - 5. Let x(a) = 44*a**3 - 6*a**2 + 7*a + 4. Let o(n) = 5*h(n) + 6*x(n). Calculate the remainder when o(1) is divided by 12.
8
Let j = 532 + -240. Suppose j*q - 285*q = 308. What is the remainder when q is di